{"id":23955021,"date":"2025-07-09T11:25:04","date_gmt":"2025-07-09T09:25:04","guid":{"rendered":"https:\/\/fairresourcefoundation.org\/advocacy_documenten\/leconomie-circulaire-doit-faire-partie-de-la-politique-industrielle-europeenne\/"},"modified":"2025-07-09T11:25:04","modified_gmt":"2025-07-09T09:25:04","slug":"leconomie-circulaire-doit-faire-partie-de-la-politique-industrielle-europeenne","status":"publish","type":"advocacy_documenten","link":"https:\/\/fairresourcefoundation.org\/fr\/advocacy_documenten\/leconomie-circulaire-doit-faire-partie-de-la-politique-industrielle-europeenne\/","title":{"rendered":"L&rsquo;\u00e9conomie circulaire doit faire partie de la politique industrielle europ\u00e9enne"},"content":{"rendered":"<p>Une large coalition d&rsquo;entreprises europ\u00e9ennes, d&rsquo;associations industrielles et d&rsquo;ONG demande \u00e0 la Commission europ\u00e9enne d&rsquo;inclure explicitement les projets circulaires dans l&rsquo;encadrement des aides d&rsquo;\u00c9tat \u00e0 l&rsquo;industrie propre (CISAF). Sans soutien financier \u00e0 la circularit\u00e9, un pilier fondamental du Clean Industrial Deal risque de rester inutilis\u00e9. <!-- notionvc: f9367cfc-81f6-49bd-9f4c-52c116ec1cc0 --><\/p>\n<p>&nbsp;<\/p>\n","protected":false},"excerpt":{"rendered":"<p>Une large coalition d&rsquo;entreprises europ\u00e9ennes, d&rsquo;associations industrielles et d&rsquo;ONG demande \u00e0 la Commission europ\u00e9enne d&rsquo;inclure explicitement les projets circulaires dans l&rsquo;encadrement des aides d&rsquo;\u00c9tat \u00e0 l&rsquo;industrie propre (CISAF). Sans soutien financier \u00e0 la circularit\u00e9, un pilier fondamental du Clean Industrial Deal risque de rester inutilis\u00e9. &nbsp;<\/p>\n","protected":false},"author":36,"featured_media":23954927,"menu_order":0,"template":"","meta":{"_acf_changed":false,"_et_pb_use_builder":"","_et_pb_old_content":"","_et_gb_content_width":"","inline_featured_image":false,"_monsterinsights_skip_tracking":false,"_monsterinsights_sitenote_active":false,"_monsterinsights_sitenote_note":"","_monsterinsights_sitenote_category":0,"footnotes":"","_links_to":"","_links_to_target":""},"class_list":["post-23955021","advocacy_documenten","type-advocacy_documenten","status-publish","has-post-thumbnail","hentry"],"acf":[],"yoast_head":"<!-- This site is optimized with the Yoast SEO plugin v27.5 - https:\/\/yoast.com\/product\/yoast-seo-wordpress\/ -->\n<title>L&#039;\u00e9conomie circulaire doit faire partie de la politique industrielle europ\u00e9enne | Fair Resource Foundation<\/title>\n<meta name=\"robots\" content=\"index, follow, max-snippet:-1, max-image-preview:large, max-video-preview:-1\" \/>\n<link rel=\"canonical\" href=\"https:\/\/fairresourcefoundation.org\/fr\/advocacy_documenten\/leconomie-circulaire-doit-faire-partie-de-la-politique-industrielle-europeenne\/\" \/>\n<meta property=\"og:locale\" content=\"fr_FR\" \/>\n<meta property=\"og:type\" content=\"article\" \/>\n<meta property=\"og:title\" content=\"L&#039;\u00e9conomie circulaire doit faire partie de la politique industrielle europ\u00e9enne | Fair Resource Foundation\" \/>\n<meta property=\"og:description\" content=\"Une large coalition d&rsquo;entreprises europ\u00e9ennes, d&rsquo;associations industrielles et d&rsquo;ONG demande \u00e0 la Commission europ\u00e9enne d&rsquo;inclure explicitement les projets circulaires dans l&rsquo;encadrement des aides d&rsquo;\u00c9tat \u00e0 l&rsquo;industrie propre (CISAF). Sans soutien financier \u00e0 la circularit\u00e9, un pilier fondamental du Clean Industrial Deal risque de rester inutilis\u00e9. &nbsp;\" \/>\n<meta property=\"og:url\" content=\"https:\/\/fairresourcefoundation.org\/fr\/advocacy_documenten\/leconomie-circulaire-doit-faire-partie-de-la-politique-industrielle-europeenne\/\" \/>\n<meta property=\"og:site_name\" content=\"Fair Resource Foundation\" \/>\n<meta property=\"og:image\" content=\"https:\/\/fairresourcefoundation.org\/wp-content\/uploads\/2025\/06\/Scherm\u00adafbeelding-2025-07-01-om-23.14.38.png\" \/>\n\t<meta property=\"og:image:width\" content=\"2402\" \/>\n\t<meta property=\"og:image:height\" content=\"1516\" \/>\n\t<meta property=\"og:image:type\" content=\"image\/png\" \/>\n<meta name=\"twitter:card\" content=\"summary_large_image\" \/>\n<script type=\"application\/ld+json\" class=\"yoast-schema-graph\">{\"@context\":\"https:\\\/\\\/schema.org\",\"@graph\":[{\"@type\":\"WebPage\",\"@id\":\"https:\\\/\\\/fairresourcefoundation.org\\\/fr\\\/advocacy_documenten\\\/leconomie-circulaire-doit-faire-partie-de-la-politique-industrielle-europeenne\\\/\",\"url\":\"https:\\\/\\\/fairresourcefoundation.org\\\/fr\\\/advocacy_documenten\\\/leconomie-circulaire-doit-faire-partie-de-la-politique-industrielle-europeenne\\\/\",\"name\":\"L'\u00e9conomie circulaire doit faire partie de la politique industrielle europ\u00e9enne | Fair Resource Foundation\",\"isPartOf\":{\"@id\":\"https:\\\/\\\/fairresourcefoundation.org\\\/fr\\\/#website\"},\"primaryImageOfPage\":{\"@id\":\"https:\\\/\\\/fairresourcefoundation.org\\\/fr\\\/advocacy_documenten\\\/leconomie-circulaire-doit-faire-partie-de-la-politique-industrielle-europeenne\\\/#primaryimage\"},\"image\":{\"@id\":\"https:\\\/\\\/fairresourcefoundation.org\\\/fr\\\/advocacy_documenten\\\/leconomie-circulaire-doit-faire-partie-de-la-politique-industrielle-europeenne\\\/#primaryimage\"},\"thumbnailUrl\":\"https:\\\/\\\/fairresourcefoundation.org\\\/wp-content\\\/uploads\\\/2025\\\/06\\\/Scherm\u00adafbeelding-2025-07-01-om-23.14.38.png\",\"datePublished\":\"2025-07-09T09:25:04+00:00\",\"breadcrumb\":{\"@id\":\"https:\\\/\\\/fairresourcefoundation.org\\\/fr\\\/advocacy_documenten\\\/leconomie-circulaire-doit-faire-partie-de-la-politique-industrielle-europeenne\\\/#breadcrumb\"},\"inLanguage\":\"fr-FR\",\"potentialAction\":[{\"@type\":\"ReadAction\",\"target\":[\"https:\\\/\\\/fairresourcefoundation.org\\\/fr\\\/advocacy_documenten\\\/leconomie-circulaire-doit-faire-partie-de-la-politique-industrielle-europeenne\\\/\"]}]},{\"@type\":\"ImageObject\",\"inLanguage\":\"fr-FR\",\"@id\":\"https:\\\/\\\/fairresourcefoundation.org\\\/fr\\\/advocacy_documenten\\\/leconomie-circulaire-doit-faire-partie-de-la-politique-industrielle-europeenne\\\/#primaryimage\",\"url\":\"https:\\\/\\\/fairresourcefoundation.org\\\/wp-content\\\/uploads\\\/2025\\\/06\\\/Scherm\u00adafbeelding-2025-07-01-om-23.14.38.png\",\"contentUrl\":\"https:\\\/\\\/fairresourcefoundation.org\\\/wp-content\\\/uploads\\\/2025\\\/06\\\/Scherm\u00adafbeelding-2025-07-01-om-23.14.38.png\",\"width\":2402,\"height\":1516},{\"@type\":\"BreadcrumbList\",\"@id\":\"https:\\\/\\\/fairresourcefoundation.org\\\/fr\\\/advocacy_documenten\\\/leconomie-circulaire-doit-faire-partie-de-la-politique-industrielle-europeenne\\\/#breadcrumb\",\"itemListElement\":[{\"@type\":\"ListItem\",\"position\":1,\"name\":\"Home\",\"item\":\"https:\\\/\\\/fairresourcefoundation.org\\\/fr\\\/\"},{\"@type\":\"ListItem\",\"position\":2,\"name\":\"L&#8217;\u00e9conomie circulaire doit faire partie de la politique industrielle europ\u00e9enne\"}]},{\"@type\":\"WebSite\",\"@id\":\"https:\\\/\\\/fairresourcefoundation.org\\\/fr\\\/#website\",\"url\":\"https:\\\/\\\/fairresourcefoundation.org\\\/fr\\\/\",\"name\":\"Fair Resource Foundation\",\"description\":\"Systems change for people and planet\",\"publisher\":{\"@id\":\"https:\\\/\\\/fairresourcefoundation.org\\\/fr\\\/#organization\"},\"potentialAction\":[{\"@type\":\"SearchAction\",\"target\":{\"@type\":\"EntryPoint\",\"urlTemplate\":\"https:\\\/\\\/fairresourcefoundation.org\\\/fr\\\/?s={search_term_string}\"},\"query-input\":{\"@type\":\"PropertyValueSpecification\",\"valueRequired\":true,\"valueName\":\"search_term_string\"}}],\"inLanguage\":\"fr-FR\"},{\"@type\":\"Organization\",\"@id\":\"https:\\\/\\\/fairresourcefoundation.org\\\/fr\\\/#organization\",\"name\":\"Fair Resource Foundation\",\"url\":\"https:\\\/\\\/fairresourcefoundation.org\\\/fr\\\/\",\"logo\":{\"@type\":\"ImageObject\",\"inLanguage\":\"fr-FR\",\"@id\":\"https:\\\/\\\/fairresourcefoundation.org\\\/fr\\\/#\\\/schema\\\/logo\\\/image\\\/\",\"url\":\"https:\\\/\\\/fairresourcefoundation.org\\\/wp-content\\\/uploads\\\/2023\\\/10\\\/Primair-Logo-Ruimte.svg\",\"contentUrl\":\"https:\\\/\\\/fairresourcefoundation.org\\\/wp-content\\\/uploads\\\/2023\\\/10\\\/Primair-Logo-Ruimte.svg\",\"width\":1280,\"height\":566,\"caption\":\"Fair Resource Foundation\"},\"image\":{\"@id\":\"https:\\\/\\\/fairresourcefoundation.org\\\/fr\\\/#\\\/schema\\\/logo\\\/image\\\/\"}}]}<\/script>\n<!-- \/ Yoast SEO plugin. -->","yoast_head_json":{"title":"L'\u00e9conomie circulaire doit faire partie de la politique industrielle europ\u00e9enne | Fair Resource Foundation","robots":{"index":"index","follow":"follow","max-snippet":"max-snippet:-1","max-image-preview":"max-image-preview:large","max-video-preview":"max-video-preview:-1"},"canonical":"https:\/\/fairresourcefoundation.org\/fr\/advocacy_documenten\/leconomie-circulaire-doit-faire-partie-de-la-politique-industrielle-europeenne\/","og_locale":"fr_FR","og_type":"article","og_title":"L'\u00e9conomie circulaire doit faire partie de la politique industrielle europ\u00e9enne | Fair Resource Foundation","og_description":"Une large coalition d&rsquo;entreprises europ\u00e9ennes, d&rsquo;associations industrielles et d&rsquo;ONG demande \u00e0 la Commission europ\u00e9enne d&rsquo;inclure explicitement les projets circulaires dans l&rsquo;encadrement des aides d&rsquo;\u00c9tat \u00e0 l&rsquo;industrie propre (CISAF). Sans soutien financier \u00e0 la circularit\u00e9, un pilier fondamental du Clean Industrial Deal risque de rester inutilis\u00e9. &nbsp;","og_url":"https:\/\/fairresourcefoundation.org\/fr\/advocacy_documenten\/leconomie-circulaire-doit-faire-partie-de-la-politique-industrielle-europeenne\/","og_site_name":"Fair Resource Foundation","og_image":[{"width":2402,"height":1516,"url":"https:\/\/fairresourcefoundation.org\/wp-content\/uploads\/2025\/06\/Scherm\u00adafbeelding-2025-07-01-om-23.14.38.png","type":"image\/png"}],"twitter_card":"summary_large_image","schema":{"@context":"https:\/\/schema.org","@graph":[{"@type":"WebPage","@id":"https:\/\/fairresourcefoundation.org\/fr\/advocacy_documenten\/leconomie-circulaire-doit-faire-partie-de-la-politique-industrielle-europeenne\/","url":"https:\/\/fairresourcefoundation.org\/fr\/advocacy_documenten\/leconomie-circulaire-doit-faire-partie-de-la-politique-industrielle-europeenne\/","name":"L'\u00e9conomie circulaire doit faire partie de la politique industrielle europ\u00e9enne | Fair Resource Foundation","isPartOf":{"@id":"https:\/\/fairresourcefoundation.org\/fr\/#website"},"primaryImageOfPage":{"@id":"https:\/\/fairresourcefoundation.org\/fr\/advocacy_documenten\/leconomie-circulaire-doit-faire-partie-de-la-politique-industrielle-europeenne\/#primaryimage"},"image":{"@id":"https:\/\/fairresourcefoundation.org\/fr\/advocacy_documenten\/leconomie-circulaire-doit-faire-partie-de-la-politique-industrielle-europeenne\/#primaryimage"},"thumbnailUrl":"https:\/\/fairresourcefoundation.org\/wp-content\/uploads\/2025\/06\/Scherm\u00adafbeelding-2025-07-01-om-23.14.38.png","datePublished":"2025-07-09T09:25:04+00:00","breadcrumb":{"@id":"https:\/\/fairresourcefoundation.org\/fr\/advocacy_documenten\/leconomie-circulaire-doit-faire-partie-de-la-politique-industrielle-europeenne\/#breadcrumb"},"inLanguage":"fr-FR","potentialAction":[{"@type":"ReadAction","target":["https:\/\/fairresourcefoundation.org\/fr\/advocacy_documenten\/leconomie-circulaire-doit-faire-partie-de-la-politique-industrielle-europeenne\/"]}]},{"@type":"ImageObject","inLanguage":"fr-FR","@id":"https:\/\/fairresourcefoundation.org\/fr\/advocacy_documenten\/leconomie-circulaire-doit-faire-partie-de-la-politique-industrielle-europeenne\/#primaryimage","url":"https:\/\/fairresourcefoundation.org\/wp-content\/uploads\/2025\/06\/Scherm\u00adafbeelding-2025-07-01-om-23.14.38.png","contentUrl":"https:\/\/fairresourcefoundation.org\/wp-content\/uploads\/2025\/06\/Scherm\u00adafbeelding-2025-07-01-om-23.14.38.png","width":2402,"height":1516},{"@type":"BreadcrumbList","@id":"https:\/\/fairresourcefoundation.org\/fr\/advocacy_documenten\/leconomie-circulaire-doit-faire-partie-de-la-politique-industrielle-europeenne\/#breadcrumb","itemListElement":[{"@type":"ListItem","position":1,"name":"Home","item":"https:\/\/fairresourcefoundation.org\/fr\/"},{"@type":"ListItem","position":2,"name":"L&#8217;\u00e9conomie circulaire doit faire partie de la politique industrielle europ\u00e9enne"}]},{"@type":"WebSite","@id":"https:\/\/fairresourcefoundation.org\/fr\/#website","url":"https:\/\/fairresourcefoundation.org\/fr\/","name":"Fair Resource Foundation","description":"Systems change for people and planet","publisher":{"@id":"https:\/\/fairresourcefoundation.org\/fr\/#organization"},"potentialAction":[{"@type":"SearchAction","target":{"@type":"EntryPoint","urlTemplate":"https:\/\/fairresourcefoundation.org\/fr\/?s={search_term_string}"},"query-input":{"@type":"PropertyValueSpecification","valueRequired":true,"valueName":"search_term_string"}}],"inLanguage":"fr-FR"},{"@type":"Organization","@id":"https:\/\/fairresourcefoundation.org\/fr\/#organization","name":"Fair Resource Foundation","url":"https:\/\/fairresourcefoundation.org\/fr\/","logo":{"@type":"ImageObject","inLanguage":"fr-FR","@id":"https:\/\/fairresourcefoundation.org\/fr\/#\/schema\/logo\/image\/","url":"https:\/\/fairresourcefoundation.org\/wp-content\/uploads\/2023\/10\/Primair-Logo-Ruimte.svg","contentUrl":"https:\/\/fairresourcefoundation.org\/wp-content\/uploads\/2023\/10\/Primair-Logo-Ruimte.svg","width":1280,"height":566,"caption":"Fair Resource Foundation"},"image":{"@id":"https:\/\/fairresourcefoundation.org\/fr\/#\/schema\/logo\/image\/"}}]}},"_links":{"self":[{"href":"https:\/\/fairresourcefoundation.org\/fr\/wp-json\/wp\/v2\/advocacy_documenten\/23955021","targetHints":{"allow":["GET"]}}],"collection":[{"href":"https:\/\/fairresourcefoundation.org\/fr\/wp-json\/wp\/v2\/advocacy_documenten"}],"about":[{"href":"https:\/\/fairresourcefoundation.org\/fr\/wp-json\/wp\/v2\/types\/advocacy_documenten"}],"author":[{"embeddable":true,"href":"https:\/\/fairresourcefoundation.org\/fr\/wp-json\/wp\/v2\/users\/36"}],"version-history":[{"count":0,"href":"https:\/\/fairresourcefoundation.org\/fr\/wp-json\/wp\/v2\/advocacy_documenten\/23955021\/revisions"}],"wp:featuredmedia":[{"embeddable":true,"href":"https:\/\/fairresourcefoundation.org\/fr\/wp-json\/wp\/v2\/media\/23954927"}],"wp:attachment":[{"href":"https:\/\/fairresourcefoundation.org\/fr\/wp-json\/wp\/v2\/media?parent=23955021"}],"curies":[{"name":"wp","href":"https:\/\/api.w.org\/{rel}","templated":true}]}}

L&rsquo;économie circulaire doit faire partie de la politique industrielle européenne

<p>Une large coalition d&rsquo;entreprises européennes, d&rsquo;associations industrielles et d&rsquo;ONG demande à la Commission européenne d&rsquo;inclure explicitement les projets circulaires dans l&rsquo;encadrement des aides d&rsquo;État à l&rsquo;industrie propre (CISAF). Sans soutien financier à la circularité, un pilier fondamental du Clean Industrial Deal risque de rester inutilisé. <!-- notionvc: f9367cfc-81f6-49bd-9f4c-52c116ec1cc0 --></p>
<p>&nbsp;</p>

<p>Une large coalition d&rsquo;entreprises européennes, d&rsquo;associations industrielles et d&rsquo;ONG demande à la Commission européenne d&rsquo;inclure explicitement les projets circulaires dans l&rsquo;encadrement des aides d&rsquo;État à l&rsquo;industrie propre (CISAF). Sans soutien financier à la circularité, un pilier fondamental du Clean Industrial Deal risque de rester inutilisé. &nbsp;</p>

<!-- This site is optimized with the Yoast SEO plugin v27.5 - https://yoast.com/product/yoast-seo-wordpress/ -->
<title>L&#039;économie circulaire doit faire partie de la politique industrielle européenne | Fair Resource Foundation</title>
<meta name="robots" content="index, follow, max-snippet:-1, max-image-preview:large, max-video-preview:-1" />
<link rel="canonical" href="https://fairresourcefoundation.org/fr/advocacy_documenten/leconomie-circulaire-doit-faire-partie-de-la-politique-industrielle-europeenne/" />
<meta property="og:locale" content="fr_FR" />
<meta property="og:type" content="article" />
<meta property="og:title" content="L&#039;économie circulaire doit faire partie de la politique industrielle européenne | Fair Resource Foundation" />
<meta property="og:description" content="Une large coalition d&rsquo;entreprises européennes, d&rsquo;associations industrielles et d&rsquo;ONG demande à la Commission européenne d&rsquo;inclure explicitement les projets circulaires dans l&rsquo;encadrement des aides d&rsquo;État à l&rsquo;industrie propre (CISAF). Sans soutien financier à la circularité, un pilier fondamental du Clean Industrial Deal risque de rester inutilisé. &nbsp;" />
<meta property="og:url" content="https://fairresourcefoundation.org/fr/advocacy_documenten/leconomie-circulaire-doit-faire-partie-de-la-politique-industrielle-europeenne/" />
<meta property="og:site_name" content="Fair Resource Foundation" />
<meta property="og:image" content="https://fairresourcefoundation.org/wp-content/uploads/2025/06/Scherm­afbeelding-2025-07-01-om-23.14.38.png" />
	<meta property="og:image:width" content="2402" />
	<meta property="og:image:height" content="1516" />
	<meta property="og:image:type" content="image/png" />
<meta name="twitter:card" content="summary_large_image" />
<script type="application/ld+json" class="yoast-schema-graph">{"@context":"https:\/\/schema.org","@graph":[{"@type":"WebPage","@id":"https:\/\/fairresourcefoundation.org\/fr\/advocacy_documenten\/leconomie-circulaire-doit-faire-partie-de-la-politique-industrielle-europeenne\/","url":"https:\/\/fairresourcefoundation.org\/fr\/advocacy_documenten\/leconomie-circulaire-doit-faire-partie-de-la-politique-industrielle-europeenne\/","name":"L'économie circulaire doit faire partie de la politique industrielle européenne | Fair Resource Foundation","isPartOf":{"@id":"https:\/\/fairresourcefoundation.org\/fr\/#website"},"primaryImageOfPage":{"@id":"https:\/\/fairresourcefoundation.org\/fr\/advocacy_documenten\/leconomie-circulaire-doit-faire-partie-de-la-politique-industrielle-europeenne\/#primaryimage"},"image":{"@id":"https:\/\/fairresourcefoundation.org\/fr\/advocacy_documenten\/leconomie-circulaire-doit-faire-partie-de-la-politique-industrielle-europeenne\/#primaryimage"},"thumbnailUrl":"https:\/\/fairresourcefoundation.org\/wp-content\/uploads\/2025\/06\/Scherm­afbeelding-2025-07-01-om-23.14.38.png","datePublished":"2025-07-09T09:25:04+00:00","breadcrumb":{"@id":"https:\/\/fairresourcefoundation.org\/fr\/advocacy_documenten\/leconomie-circulaire-doit-faire-partie-de-la-politique-industrielle-europeenne\/#breadcrumb"},"inLanguage":"fr-FR","potentialAction":[{"@type":"ReadAction","target":["https:\/\/fairresourcefoundation.org\/fr\/advocacy_documenten\/leconomie-circulaire-doit-faire-partie-de-la-politique-industrielle-europeenne\/"]}]},{"@type":"ImageObject","inLanguage":"fr-FR","@id":"https:\/\/fairresourcefoundation.org\/fr\/advocacy_documenten\/leconomie-circulaire-doit-faire-partie-de-la-politique-industrielle-europeenne\/#primaryimage","url":"https:\/\/fairresourcefoundation.org\/wp-content\/uploads\/2025\/06\/Scherm­afbeelding-2025-07-01-om-23.14.38.png","contentUrl":"https:\/\/fairresourcefoundation.org\/wp-content\/uploads\/2025\/06\/Scherm­afbeelding-2025-07-01-om-23.14.38.png","width":2402,"height":1516},{"@type":"BreadcrumbList","@id":"https:\/\/fairresourcefoundation.org\/fr\/advocacy_documenten\/leconomie-circulaire-doit-faire-partie-de-la-politique-industrielle-europeenne\/#breadcrumb","itemListElement":[{"@type":"ListItem","position":1,"name":"Home","item":"https:\/\/fairresourcefoundation.org\/fr\/"},{"@type":"ListItem","position":2,"name":"L&#8217;économie circulaire doit faire partie de la politique industrielle européenne"}]},{"@type":"WebSite","@id":"https:\/\/fairresourcefoundation.org\/fr\/#website","url":"https:\/\/fairresourcefoundation.org\/fr\/","name":"Fair Resource Foundation","description":"Systems change for people and planet","publisher":{"@id":"https:\/\/fairresourcefoundation.org\/fr\/#organization"},"potentialAction":[{"@type":"SearchAction","target":{"@type":"EntryPoint","urlTemplate":"https:\/\/fairresourcefoundation.org\/fr\/?s={search_term_string}"},"query-input":{"@type":"PropertyValueSpecification","valueRequired":true,"valueName":"search_term_string"}}],"inLanguage":"fr-FR"},{"@type":"Organization","@id":"https:\/\/fairresourcefoundation.org\/fr\/#organization","name":"Fair Resource Foundation","url":"https:\/\/fairresourcefoundation.org\/fr\/","logo":{"@type":"ImageObject","inLanguage":"fr-FR","@id":"https:\/\/fairresourcefoundation.org\/fr\/#\/schema\/logo\/image\/","url":"https:\/\/fairresourcefoundation.org\/wp-content\/uploads\/2023\/10\/Primair-Logo-Ruimte.svg","contentUrl":"https:\/\/fairresourcefoundation.org\/wp-content\/uploads\/2023\/10\/Primair-Logo-Ruimte.svg","width":1280,"height":566,"caption":"Fair Resource Foundation"},"image":{"@id":"https:\/\/fairresourcefoundation.org\/fr\/#\/schema\/logo\/image\/"}}]}</script>
<!-- / Yoast SEO plugin. -->

L'économie circulaire doit faire partie de la politique industrielle européenne | Fair Resource Foundation

Une large coalition d&rsquo;entreprises européennes, d&rsquo;associations industrielles et d&rsquo;ONG demande à la Commission européenne d&rsquo;inclure explicitement les projets circulaires dans l&rsquo;encadrement des aides d&rsquo;État à l&rsquo;industrie propre (CISAF). Sans soutien financier à la circularité, un pilier fondamental du Clean Industrial Deal risque de rester inutilisé. &nbsp;

L&#8217;économie circulaire doit faire partie de la politique industrielle européenne
